{"id":29,"date":"2022-04-12T12:53:35","date_gmt":"2022-04-12T12:53:35","guid":{"rendered":"https:\/\/juliusehrhart.de\/?page_id=29"},"modified":"2024-07-22T08:30:17","modified_gmt":"2024-07-22T08:30:17","slug":"impressum","status":"publish","type":"page","link":"https:\/\/juliusehrhart.de\/?page_id=29","title":{"rendered":"Impressum"},"content":{"rendered":"<section class=\"wpb-content-wrapper\"><p>[vc_row css=\u201c.vc_custom_1650920970009{margin-top: 100px !important;margin-right: 100px !important;margin-bottom: 100px !important;}\u201c][vc_column width=\u201c1\/4\u2033][vc_column_text]<\/p>\n<h3><strong>Impressum:<\/strong><\/h3>\n<p>\u00a0<\/p>\n<h4><a href=\"https:\/\/juliusehrhart.de\/?page_id=36\">Kontakt<\/a><\/h4>\n<h4><a href=\"https:\/\/juliusehrhart.de\/?page_id=3\">Datenschutzerkl\u00e4rung<\/a><\/h4>\n<p>[\/vc_column_text][\/vc_column][vc_column width=\u201c3\/4\u2033][vc_column_text]Julius Paul Ehrhart M.A.<br \/>\nFreischaffender K\u00fcnstler und Kunsttherapeut<br \/>\nWidenmayerstra\u00dfe 35<br \/>\n80538 M\u00fcnchen<\/p>\n<p>Steuernummer: 144 \/ 214 \/ 60192<\/p>\n<p>\u00a0<\/p>\n<p>\u00a0<\/p>\n<p>Fotos by Fotostudio Michael Tschuschner, M\u00fcnchen-Gr\u00e4felfing<br \/>\n<a href=\"https:\/\/tschuschner.de\">https:\/\/tschuschner.de<\/a>[\/vc_column_text][\/vc_column][\/vc_row]<\/p>\n<\/section>","protected":false},"excerpt":{"rendered":"<p>[vc_row css=\u201c.vc_custom_1650920970009{margin-top: 100px !important;margin-right: 100px !important;margin-bottom: 100px !important;}\u201c][vc_column width=\u201c1\/4\u2033][vc_column_text] Impressum: \u00a0 Kontakt Datenschutzerkl\u00e4rung [\/vc_column_text][\/vc_column][vc_column width=\u201c3\/4\u2033][vc_column_text]Julius Paul Ehrhart M.A. Freischaffender K\u00fcnstler und Kunsttherapeut Widenmayerstra\u00dfe 35 80538 M\u00fcnchen Steuernummer: 144 \/ 214 \/ 60192 \u00a0 \u00a0 Fotos by Fotostudio Michael Tschuschner, M\u00fcnchen-Gr\u00e4felfing https:\/\/tschuschner.de[\/vc_column_text][\/vc_column][\/vc_row]<\/p>\n","protected":false},"author":1,"featured_media":0,"parent":0,"menu_order":0,"comment_status":"closed","ping_status":"closed","template":"tpl-onepage.php","meta":{"footnotes":""},"class_list":["post-29","page","type-page","status-publish","hentry"],"_links":{"self":[{"href":"https:\/\/juliusehrhart.de\/index.php?rest_route=\/wp\/v2\/pages\/29","targetHints":{"allow":["GET"]}}],"collection":[{"href":"https:\/\/juliusehrhart.de\/index.php?rest_route=\/wp\/v2\/pages"}],"about":[{"href":"https:\/\/juliusehrhart.de\/index.php?rest_route=\/wp\/v2\/types\/page"}],"author":[{"embeddable":true,"href":"https:\/\/juliusehrhart.de\/index.php?rest_route=\/wp\/v2\/users\/1"}],"replies":[{"embeddable":true,"href":"https:\/\/juliusehrhart.de\/index.php?rest_route=%2Fwp%2Fv2%2Fcomments&post=29"}],"version-history":[{"count":15,"href":"https:\/\/juliusehrhart.de\/index.php?rest_route=\/wp\/v2\/pages\/29\/revisions"}],"predecessor-version":[{"id":460,"href":"https:\/\/juliusehrhart.de\/index.php?rest_route=\/wp\/v2\/pages\/29\/revisions\/460"}],"wp:attachment":[{"href":"https:\/\/juliusehrhart.de\/index.php?rest_route=%2Fwp%2Fv2%2Fmedia&parent=29"}],"curies":[{"name":"wp","href":"https:\/\/api.w.org\/{rel}","templated":true}]}}